 o(d) = -d**3 - d - 37. Determine o(0).
-37
Let r(v) = v**3 - 13*v**2 + 11*v + 15. Give r(12).
3
Let t(q) = 5*q + 4. Calculate t(-3).
-11
Let z(d) = -d**3 - 7*d**2 + 60*d + 5. What is z(-12)?
5
Let i(d) = d**2 + 3*d + 1. Determine i(-4).
5
Let d(k) = -k**3 - 14*k**2 - 11*k + 11. Calculate d(-13).
-15
Let d(p) = -6*p**2 - 119*p + 28. Give d(-20).
8
Let c(r) = 4*r + 1. Give c(-4).
-15
Let z(l) = -l - 51. Calculate z(-4).
-47
Let s(h) = -h**3 + h**2 - 12. What is s(0)?
-12
Let o(g) = -g**3 - 12*g**2 + 12*g - 17. What is o(-13)?
-4
Let t(k) = 17*k + 6. What is t(-6)?
-96
Let b(x) = x**3 - 12*x**2 - 2*x + 23. Calculate b(12).
-1
Let x(a) = -6*a + 17. Determine x(4).
-7
Let a(g) = -g**2 - 9*g + 8. What is a(-8)?
16
Let j(d) = 2*d**2. Give j(2).
8
Let d(u) = -u**3 - 13*u**2 + 22*u + 107. What is d(-14)?
-5
Let t(o) = o + 2. Determine t(0).
2
Let u(i) = -3*i**3 - i**2 - 2*i + 2. Determine u(1).
-4
Let v(s) = -10*s - 46. Calculate v(-5).
4
Let x(j) = 52*j + 934. What is x(-18)?
-2
Let m(k) = k**3 - 6*k**2 - 2*k + 4. Determine m(6).
-8
Let d(t) = 12*t + 1. Determine d(-4).
-47
Let t(x) = -6*x + 2. Calculate t(3).
-16
Let h(z) = z**3 + 26. What is h(0)?
26
Let z(f) = 3*f - 4. Calculate z(-8).
-28
Let g(s) = s**3 - 24*s**2 + 39*s + 82. Determine g(22).
-28
Let s(u) = 3*u - 8. Calculate s(4).
4
Let m(d) = 21*d + 564. What is m(-27)?
-3
Let p(b) = b**2 - 7*b - 5. What is p(6)?
-11
Let i(y) = 2*y**2 - 35*y + 53. Determine i(16).
5
Let w(o) = o**2 - 13*o - 97. Give w(18).
-7
Let c(z) = z**3 - 2*z**2 - 24*z - 5. What is c(6)?
-5
Let s(a) = a**2 - 4*a - 19. Calculate s(6).
-7
Let b(u) = u**3 + 3*u**2 + u + 6. Calculate b(-3).
3
Let f(i) = -i**2 - i + 8. What is f(6)?
-34
Let m(a) = -a**3 - 13*a**2 - 5*a - 31. Determine m(-13).
34
Let t(z) = -z**2 - 2*z + 7. What is t(-5)?
-8
Let z(n) = -n + 29. Give z(-18).
47
Let v(z) = 4*z - 2. Determine v(7).
26
Let u(i) = -i**3 - 4*i**2 + 4*i + 5. What is u(-5)?
10
Let c(f) = 2*f**2 + 9*f - 21. What is c(2)?
5
Let f(d) = 2*d**3 - 5*d**2 + 4*d - 6. Give f(3).
15
Let m(n) = 4*n**2 - 4*n + 8. Give m(3).
32
Let i(u) = -4*u - 69. Give i(-21).
15
Let b(w) = w**3 + 6*w**2 - 2*w + 33. Give b(-7).
-2
Let r(s) = 4*s. Calculate r(9).
36
Let a(d) = -4*d + 31. Give a(7).
3
Let v(w) = -w**3 + 5*w**2 + 3*w - 6. Determine v(6).
-24
Let x(u) = u**2 - 8*u - 8. Give x(9).
1
Let c(b) = -b**3 - 2*b**2 + b - 4. Give c(0).
-4
Let n(b) = -2*b - 43. Calculate n(-6).
-31
Let t(w) = 3*w**2 - 85*w - 53. Calculate t(29).
5
Let h(s) = -6*s + 4. Calculate h(-2).
16
Let f(t) = -t**2 - 21*t + 74. What is f(-23)?
28
Let c(v) = -7*v**2 - 2*v + 1. Calculate c(2).
-31
Let d(l) = 6*l + 19. Calculate d(-9).
-35
Let s(y) = 9*y**2 + y + 1. Give s(-1).
9
Let m(c) = -12*c**2 + 35*c - 2. Determine m(3).
-5
Let v(b) = -b**3 + b + 12. Give v(0).
12
Let l(t) = -2*t**2 + 2*t + 14. What is l(4)?
-10
Let r(l) = -3*l + 8. Give r(3).
-1
Let r(k) = k**2 - 27*k + 84. What is r(24)?
12
Let a(u) = -19*u**3 - u**2 + u. Give a(1).
-19
Let u(q) = 3*q + 2. Give u(-5).
-13
Let f(i) = 6*i - 6. Give f(0).
-6
Let x(q) = -4*q**2 + 20*q + 11. Determine x(5).
11
Let j(a) = 2*a**3 + 11*a**2 - 6*a - 3. Give j(-6).
-3
Let s(w) = -3*w**2 + 3*w + 1. Give s(3).
-17
Let h(d) = -9*d - 10. Give h(-5).
35
Let w(g) = g**3 - 7*g**2 - 9*g - 2. What is w(7)?
-65
Let j(z) = 7*z**3 - z**2 + 2*z + 3. Calculate j(-1).
-7
Let m(g) = 9*g**2. What is m(-1)?
9
Let v(z) = -3*z**3 - 2*z**2 - 3. Calculate v(-3).
60
Let k(w) = -5*w**2 - 2*w + 2. Calculate k(-4).
-70
Let b(a) = 5*a + 14. Give b(-6).
-16
Let x(q) = q**3 + 13*q**2 + 11*q - 16. What is x(-12)?
-4
Let p(b) = -6*b + 1. What is p(3)?
-17
Let d(w) = -2*w**3 + w + 33. Calculate d(0).
33
Let k(z) = -z**2 - z + 3. Give k(3).
-9
Let t(s) = -s**2 + 3*s - 2. Calculate t(10).
-72
Let a(g) = g - 6. Give a(13).
7
Let o(n) = -n**2 - 6*n + 9. Calculate o(-11).
-46
Let f(s) = -s**2 + 6*s + 2. Determine f(6).
2
Let v(t) = t**3 + 7*t**2 + 18*t + 32. What is v(-5)?
-8
Let r(n) = 119*n**3 - n**2 - n. Calculate r(-1).
-119
Let u(v) = v**3 - 4*v**2 - 22*v. Calculate u(-3).
3
Let q(j) = j**3 - 13*j**2 - j + 17. Give q(13).
4
Let h(o) = -2*o**2 - 19*o + 13. Determine h(-11).
-20
Let o(f) = -f**3 - 6*f**2 - 2*f - 2. Give o(-6).
10
Let g(k) = k**3 - 9*k**2 - 4*k - 53. What is g(10)?
7
Let y(l) = -2*l**2 - 13*l - 23. Give y(-7).
-30
Let d(b) = -2*b**2 - 21*b - 14. Calculate d(-10).
-4
Let m(v) = -v + 2. Give m(-3).
5
Let q(v) = -2*v + 36. Determine q(26).
-16
Let f(l) = l**3 - 9*l**2 - 39*l + 23. Calculate f(12).
-13
Let o(c) = c**2 + 6*c + 2. Give o(0).
2
Let m(k) = -k + 3. Determine m(8).
-5
Let v(r) = r**3 + 19*r**2 + 25*r + 89. Calculate v(-18).
-37
Let g(q) = 72*q + 146. What is g(-2)?
2
Let v(g) = 5*g**2 + 1. Determine v(-1).
6
Let w(f) = -4*f**2 - 3*f - 2. Calculate w(-1).
-3
Let q(s) = -15*s + 96. Calculate q(6).
6
Let t(i) = -5*i**3 - 3*i - 3. What is t(-2)?
43
Let k(a) = 10*a - 225. Determine k(24).
15
Let v(x) = -x**3 + x**2 - 4*x + 5. Give v(3).
-25
Let l(r) = -2*r**2. Determine l(3).
-18
Let i(r) = r**2 + 10*r - 16. Determine i(-11).
-5
Let x(r) = r**2 + r - 10. Give x(-3).
-4
Let l(k) = -k**2 - 5*k + 4. Calculate l(-8).
-20
Let d(p) = 14*p - 21. Calculate d(-13).
-203
Let q(d) = d**2 - 9*d + 13. Give q(4).
-7
Let u(y) = 5*y**3 - 1. What is u(-1)?
-6
Let f(l) = 7*l**3 + 3*l**2 - 2*l - 4. Calculate f(-1).
-6
Let m(f) = -f**2 - 2*f + 4. Determine m(-3).
1
Let b(w) = w**3 + 23*w**2 + 38*w - 89. What is b(-21)?
-5
Let q(x) = 10*x + 303. Determine q(-30).
3
Let f(d) = 29*d + 200. What is f(-7)?
-3
Let h(r) = -3*r - 1. Give h(4).
-13
Let y(h) = -18*h + 62. Give y(3).
8
Let u(h) = 2*h**3 - 6*h**2 + 2*h - 1. What is u(4)?
39
Let h(t) = -t**3 + 7*t**2 + 7*t - 6. What is h(7)?
43
Let h(s) = 5*s + 3. Determine h(6).
33
Let v(y) = -y**2 - 14*y + 12. Determine v(-12).
36
Let h(y) = -2*y**3 - 13*y**2 - 4*y + 23. What is h(-5)?
-32
Let x(v) = 2*v**2 - 7*v + 3. Determine x(4).
7
Let d(i) = i**3 + 9*i**2 + 14*i + 3. What is d(-8)?
-45
Let o(g) = g**3 - 17*g**2 - g + 23. What is o(17)?
6
Let z(j) = -j**2 - 3*j + 12. Calculate z(-4).
8
Let h(x) = -6*x + 46. Calculate h(7).
4
Let q(f) = -f**2 - 5*f - 7. Calculate q(5).
-57
Let o(l) = 2*l - 34. Give o(20).
6
Let u(z) = z**3 + 3*z**2 - 7*z - 5. Give u(-4).
7
Let x(m) = -m + 16. Give x(-10).
26
Let n(l) = l**2 - 14*l + 5. Determine n(10).
-35
Let x(a) = a**2 - 11*a - 9. Determine x(-8).
143
Let r(b) = -b**3 - 17*b**2 - 65*b + 6. What is r(-11)?
-5
Let y(o) = 7*o + 43. Give y(-8).
-13
Let m(f) = 8*f - 148. Give m(18).
-4
Let r(l) = l**2 + 3*l - 7. Give r(-5).
3
Let v(t) = -t**3 - 15*t**2 + 11*t - 20. What is v(-16)?
60
Let j(y) = -y**2 + 18*y - 59. Calculate j(13).
6
Let w(b) = 3*b - 90. Give w(30).
0
Let z(j) = -5*j - 102. What is z(-17)?
-17
Let k(s) = s**2 + 7*s + 1. Give k(-9).
19
Let m(x) = 4*x**2 - 3*x - 4. Determine m(-2).
18
Let h(c) = 11*c - 122. Give h(10).
-12
Let b(t) = -6*t + 2. What is b(-1)?
8
Let o(f) = -50*f + 2. Calculate o(0).
2
Let f(k) = -2*k - 1. What is f(4)?
-9
Let m(y) = -y**3 - 9*y**2 + 16*y + 16. Give m(-10).
-44
Let q(i) = -2*i**2 - 7*i - 7. Determine q(-5).
-22
Let q(z) = -z**2 - 8*z - 2. Give q(-7).
5
Let w(o) = -2*o - 37. Give w(-12).
-13
Let a(z) = -z**3 + 18*z**2 - 16*z + 14. Give a(17).
31
Let z(x) = -x**3 + 4*x**2 + 3. Give z(4).
3
Let x(o) = o**2 - 4*o. Give x(5).
5
Let p(t) = 57*t + 30. Calculate p(-1).
-27
Let u(q) = q + 10. Determine u(-12).
-2
Let n(x) = -x**2 - 4*x + 5. What is n(-3)?
8
Let g(a) = -a**3 - 14*a**2 + 31*a - 27. Give g(-16).
-11
Let t(w) = w**2 - 21*w. What is t(20)?
-20
Let c(u) = -u**2 + 12*u - 20. Give c(9).
7
Let b(r) = -r**3 + 6*r**2 - r - 12. Calculate b(4).
16
Let r(m) = 2*m**2 - m + 2. What is r(-2)?
12
Let f(t) = t**3 + 13*t**2 + 5*t - 82. Calculate f(-12).
2
Let p(u) = 4*u + 16. What is p(-7)?
-12
Let g(z) = -2*z**2 - 16*z - 9. Give g(-11).
-75
Let n(g) = -2*g**2 - 13*g - 14. What is n(-4)?
6
Let l(g) = -g**2 + 15*g + 13. Calculate l(16).
-3
Let b(a) = -a + 20. Determine b(21).
-1
Let s(h) = h + 5. Calculate s(-5).
0
Let c(d) = 2*d**3 + 10*d**2 + 24. Give c(-5).
24
Let p(s) = 3*s - 89. What is p(27)?
-8
Let b(t) = -t**2 + 7*t + 5. Determine b(7).
5
Let h(c) = c**3 - 16*c**2 - 35*c - 18. Calculate h(18).
0
Let q(h) = h**3 - 6*h**2 + 8*h - 12. Give q(7).
93
Let p(v) = -v**